. Let u be (4 - -3)*(-2)/(-2). Let x = 11 - u. Suppose 0 = -4*a + 5*y - 44, 0 = -x*a + 3*y - 22 - 14. What is m(a)?
3
Let u(s) be the second derivative of 9*s**5/20 + s**4/12 + s**3/3 + s**2/2 + s. Suppose -7*i - 4*i - 11 = 0. Calculate u(i).
-9
Let j(s) = -3 - 4*s**2 - 3*s**3 + 2*s**3 + 5 + 2*s + 2*s**2. What is j(-2)?
-2
Let i(n) = n**3 + 1 - 1 - n**2 + 1 + 1. Let v be i(0). Let o(f) = f**3 - 2*f**2 - 1. Determine o(v).
-1
Let l(f) be the first derivative of 7*f**5/60 - f**4/24 - f**2/2 - 2. Let o(j) be the second derivative of l(j). Determine o(-1).
8
Let n(l) = -l**3 - 3*l**2 + 5*l + 6. Suppose 8*b = 4*b - 52. Let y = -17 - b. What is n(y)?
2
Let x(n) = -5*n**3 + 3*n**2 - 6*n - 5. Suppose 0 = -i + 4*i - 18. Let y(j) = -11*j**3 + 7*j**2 - 13*j - 11. Let b(k) = i*y(k) - 13*x(k). Give b(2).
3
Let c(g) = 6*g + 20. Let u(k) = -k - 4. Let t(p) = -2*c(p) - 11*u(p). Let q be (-225)/(-63) + 15/35. Determine t(q).
0
Let c be (-112)/32 - 6/(-4). Let l(z) = -3*z**2 - z + 5. Let t(v) = v**2 + v - 1. Let g(a) = -l(a) - 4*t(a). Calculate g(c).
1
Let i(k) = -k**2 + 6*k - 3. Suppose 2*v - 5 = -2*f + 3*f, 0 = 4*f - 4*v. Give i(f).
2
Let j(v) = v**2 - v - 6. Let x be j(3). Suppose x*z = 3*z + 9. Let s(p) = p**3 + p**2 - 4*p - 3. Determine s(z).
-9
Suppose 0 = 4*t + i + 39, -2*t - 2*i + 3*i - 27 = 0. Let w(s) = -s**2 - 10*s - 1. Give w(t).
-12
Let m(j) = j**3 + 4*j**2 - 7*j - 3. Suppose -2*u + 2*z = z - 32, 19 = u + z. Suppose -v + 5*v = -t - u, 0 = -4*t + 5*v - 5. Give m(t).
7
Let g(v) = 2*v**2 + 4*v + 2. Let l(j) = 2*j + 8. Let m be l(-6). Let f = -9 - m. Let d be f/15 - (-10)/(-6). Determine g(d).
2
Let v(w) = -w**3 + 5*w**2 + 8*w - 6. Suppose -2*g + 3*b + 0 = 6, 0 = 3*b - 6. Suppose 11*i - 13*i + 12 = g. What is v(i)?
6
Let b be (5 + 5)*(-1)/2. Let o(r) = 5*r - 5. Let f(a) = 4*a - 4. Let n(y) = b*o(y) + 6*f(y). Give n(5).
-4
Let a(j) = j. Let d(q) = -4*q. Let r(p) = -20*a(p) - 6*d(p). Let i(v) = v**3 + 4*v**2 - 4*v + 6. Let n be i(-5). Calculate r(n).
4
Let w(k) = -2 - k**2 - 3*k**2 + 5*k**2 + k. Determine w(0).
-2
Let v(i) = 13 - 14 + i**2 - 2*i**2 + 5*i. Suppose -r + 25 = 4*r. Give v(r).
-1
Let f be -3 - (-6 + -5 + 3). Let x(i) be the second derivative of i**5/20 - 5*i**4/12 + i**3/2 - 3*i**2 + 3*i. Calculate x(f).
9
Let z(b) be the second derivative of b**5/20 - 3*b**4/4 - 5*b**3/3 - b**2 + 4*b. What is z(10)?
-2
Let a = 1 + 2. Suppose x - 7 = -a. Let s(b) be the second derivative of b**5/20 - b**4/4 - 5*b**3/6 + 3*b**2 - 4*b. Calculate s(x).
2
Let d(y) = -4*y**2 + y**3 + 19*y - 9*y + y**2 - 2 - 11*y. Give d(3).
-5
Suppose 6 + 14 = 4*k. Let y(l) = l**3 + 4*l + 4*l**2 + 3 - 4*l - 10*l**2 + 4*l. Calculate y(k).
-2
Let r(u) be the second derivative of -11*u**8/6720 + u**5/120 + u**4/4 - 6*u. Let d(s) be the third derivative of r(s). Calculate d(1).
-10
Suppose 11*r - 16*r = -75. Suppose 8*a + r = 5*a. Let x(p) = p - 3. Determine x(a).
-8
Suppose -l - 2 = l. Let a(m) = 3*m**2 + 1. Calculate a(l).
4
Let t(d) be the second derivative of -2/5*d**5 - 4*d + 0*d**3 + 1/6*d**4 - 1/2*d**2 + 0. Determine t(1).
-7
Suppose 3*k = -4*n - 10, -4*n = 3*k - k + 12. Let m be 8/28 + 30/(-7). Let r(i) = -2*i - 8. Let a(d) = d + 4. Let o(x) = m*r(x) - 7*a(x). Give o(n).
0
Let l(h) = h**2 + 2 + 3*h + 0 + 1. Let r(v) = -5*v + 105. Let o be r(22). Determine l(o).
13
Let j(u) = 2*u - 12. Let n = -130 + 139. What is j(n)?
6
Suppose o + 2 = 4*u + 3, -2*o - 5*u = -15. Suppose -o*w + 0*w + 14 = -4*g, -4*g = -2*w + 8. Let z = 0 + g. Let i(f) = 5*f**2 + f + 1. Give i(z).
5
Let b(r) be the second derivative of -r**5/20 + 5*r**4/12 - 5*r**3/6 + 2*r**2 - 3*r. Determine b(4).
0
Let l = -15 + 12. Suppose 0 = -5*s - 5, -s = 4*u - 0*s - 7. Let f(n) = 3*n**2 - 4*n**2 - u*n - 1 + 2. Give f(l).
-2
Let n(s) be the third derivative of -s**5/60 + s**4/3 - 7*s**3/6 - 12*s**2. Give n(8).
-7
Let g(z) = -z**2 - 6*z + 2. Suppose 11*f - 19*f = 48. Give g(f).
2
Let b(a) = a - 15. Let h be b(9). Let z(x) = x**2 + 10*x + 3. Let g(j) = 3*j**2 + 30*j + 10. Let i(k) = -6*g(k) + 17*z(k). Determine i(h).
15
Suppose -y + 61 = -2*l, 8*y - 254 = 4*y - 2*l. Let z be (-4)/18 - 112/y. Let t(f) = -7*f - 3. Determine t(z).
11
Suppose 0*u = -3*u + 3. Suppose -l + 0 - u = 0. Let p(v) = 4*v**3 + 3*v + 2*v**3 - 2*v. What is p(l)?
-7
Let n(s) = -2*s**3 - 4*s**2 - 3*s. Let a(g) = -g + 3. Let x be a(5). Calculate n(x).
6
Let t(q) = -2*q**2 + 4*q - 15. Let u(i) = i**2 - 2*i + 8. Let p(d) = -6*t(d) - 11*u(d). Suppose -40 = -10*j - 0*j. Give p(j).
10
Suppose d - 4*c - 6 = c, -5 = -2*d + 3*c. Let h(z) = 0 - 3*z + 0 - d + 0. Determine h(-2).
5
Let s(l) = 2*l + 7. Let q(r) = 3*r + 15. Let o(u) = 2*q(u) - 5*s(u). Let a be 159/(-33) + (-8)/44. Give o(a).
15
Let x(s) = 3 - 38*s + 4*s**2 - 3*s**2 + 31*s. Let v(h) = h**2 - 6*h + 4. Let w be v(5). Let p be w*(-1)/((-2)/(-12)). Calculate x(p).
-3
Let j(i) be the first derivative of i**4/4 - i**3 + i**2/2 - 3*i - 6. Determine j(3).
0
Let q(v) = 5*v + 3*v**2 - 1 + 36*v**3 + v - 37*v**3. Calculate q(4).
7
Suppose 2*v - v + h - 1 = 0, v + 7 = -5*h. Let u(w) = -3*w + 2. Determine u(v).
-7
Let z(o) be the third derivative of -o**5/12 + o**3/6 - 6*o**2. What is z(-1)?
-4
Let p(f) be the third derivative of 0*f - 1/120*f**6 - 1/8*f**4 + 0 - 1/60*f**5 - 1/2*f**3 - 3*f**2. What is p(-2)?
7
Let v(d) = -25*d**3 + 1 + 0 + 4*d**2 + 52*d**3 - 28*d**3. Determine v(3).
10
Let q(p) be the first derivative of p**4/4 - p**3/3 + p**2 - p - 1. Determine q(1).
1
Let c(l) = -l**3 + 4*l**2 + 6*l - 5. Suppose 5*j - 8 - 12 = 0. Suppose 5*v - j*v - 2*g = 3, -5*g - 20 = -5*v. Calculate c(v).
0
Let p(w) = w**3 - 10*w**2 + 9*w + 1. Let l be p(9). Suppose 0*r - r = l. Let c(v) = -v**3 - 2*v - 1. Give c(r).
2
Suppose -14*q + 26*q + 60 = 0. Let j(x) be the first derivative of -x**2/2 - 4*x - 1. Determine j(q).
1
Let i(w) be the third derivative of w**7/105 + w**6/180 - w**5/120 - 7*w**3/6 - 8*w**2. Let y(k) be the first derivative of i(k). Let q = -3 - -4. What is y(q)?
9
Let f = -17 - -15. Let l be 3/(-12)*f*-10. Let m(j) = -j**2 - 7*j - 3. Calculate m(l).
7
Let a(d) be the first derivative of 3*d**2/2 + 5*d - 39. Give a(-6).
-13
Let s(m) = m**3 - 13*m**2 - 12*m - 25. Let n be s(14). Let f(o) = o**3 - 4*o**2 + 3*o - 4. Determine f(n).
-4
Suppose 9 = 4*c - 3*l - 15, 5*l + 20 = 0. Suppose -9 = -c*i - 0. Suppose -4*s + i*g = -13, g = -s + 6*s - 19. Let p(u) = u + 1. Determine p(s).
5
Let u(z) be the second derivative of z**7/2520 - z**6/144 + z**4/4 - z. Let k(v) be the third derivative of u(v). Calculate k(3).
-6
Let i be (-18)/5 - (-12)/20. Let p(h) = h**2 - 2*h - 3. What is p(i)?
12
Suppose 0*d + 6 = 2*d. Let b(a) = 0*a + a**2 - 7*a + 1 + d + 0. Suppose -3*g + 1 = -8. What is b(g)?
-8
Let w(y) be the second derivative of y**5/20 - y**3/3 - y**2 - 6*y. Determine w(-2).
-6
Let w be ((-8)/(-4))/(-4)*0. Let s(a) be the first derivative of w*a - 2 + 3/2*a**2. Calculate s(-1).
-3
Let s(x) be the first derivative of -3*x**2/2 + 9*x - 55. Give s(6).
-9
Let l(f) = 5*f**2 + 3*f - 5. Let g(v) = -9*v**2 - 5*v + 9. Let r(d) = 4*g(d) + 7*l(d). Give r(4).
-11
Let q(m) = 0*m**3 + 3 - m**3 + 0*m**2 + m - 3*m**2. Let v be q(-3). Suppose -4*z + v*z = -16. Let s(d) = d**3 - 3*d**2 - 6*d + 5. Give s(z).
-3
Suppose 18 = 5*p + 5*c - 2, 2*c = -3*p + 9. Let b(l) = l**3 - 2*l**2 + l - 1. Determine b(p).
-1
Let s = 18 - 15. Let q(j) be the second derivative of -2*j**2 - 2*j + 1/2*j**3 - 1/4*j**4 + 0 + 1/20*j**5. Determine q(s).
5
Suppose -4*g = -0*g + 32. Let b = g - -14. Let t(o) = -o. Calculate t(b).
-6
Suppose 4*h - 15 - 5 = 0. Let x(d) = -d - 3*d - 2 + 0*d + h*d. Calculate x(6).
4
Suppose -j = -3*i + 3 - 2, -2*j + 3*i = 5. Let o(b) = b**3 + 4*b**2 + 4. What is o(j)?
4
Let u(a) = a - 1. Let t be u(0). Let p(h) = -4*h - 1. Let q(x) = -x. Let d(n) = t*p(n) + q(n). Give d(-1).
-2
Let b(k) be the first derivative of -k**3/3 + 5*k**2/2 - 7*k - 5. Let r = -3 - -5. Let m = 3 + r. Determine b(m).
-7
Let t(u) = -u**3 - 10*u**2 - u - 14. Let x be t(-10). Let g(c) = -c**3 - 7*c**2 + 7*c. Let d(j) = -j**2 + j. Let m(z) = 4*d(z) - g(z). Determine m(x).
-4
Let k(z) be the second derivative of -z**7/2520 - z**6/720 - z**5/120 - z**4/2 - 6*z. Let p(d) be the third derivative of k(d). Determine p(-2).
-3
Let v(n) = n**2 - n + 1. Let o = -2 + 4. Let c be v(o